
2, 1657
What are the prime factors of 1135?
5, 227
List the prime factors of 69696.
2, 3, 11
What are the prime factors of 16045?
5, 3209
What are the prime factors of 11093?
11093
What are the prime factors of 14666?
2, 7333
What are the prime factors of 2909?
2909
List the prime factors of 56748.
2, 3, 4729
What are the prime factors of 38237?
38237
List the prime factors of 1715.
5, 7
List the prime factors of 522.
2, 3, 29
What are the prime factors of 66277?
191, 347
List the prime factors of 211.
211
List the prime factors of 79282.
2, 7, 809
What are the prime factors of 29665?
5, 17, 349
List the prime factors of 1042.
2, 521
List the prime factors of 61146.
2, 3, 43, 79
List the prime factors of 130697.
7, 18671
What are the prime factors of 9702?
2, 3, 7, 11
List the prime factors of 790.
2, 5, 79
What are the prime factors of 121?
11
What are the prime factors of 1371?
3, 457
What are the prime factors of 3887?
13, 23
List the prime factors of 1063.
1063
What are the prime factors of 9514?
2, 67, 71
List the prime factors of 3044.
2, 761
What are the prime factors of 2835?
3, 5, 7
What are the prime factors of 95?
5, 19
List the prime factors of 70434.
2, 3, 7, 13, 43
List the prime factors of 157398.
2, 3, 37, 709
What are the prime factors of 1993?
1993
What are the prime factors of 219?
3, 73
What are the prime factors of 64365?
3, 5, 7, 613
What are the prime factors of 453?
3, 151
What are the prime factors of 52232?
2, 6529
List the prime factors of 1013.
1013
What are the prime factors of 819?
3, 7, 13
List the prime factors of 3852.
2, 3, 107
What are the prime factors of 44530?
2, 5, 61, 73
List the prime factors of 18462.
2, 3, 17, 181
List the prime factors of 5474.
2, 7, 17, 23
What are the prime factors of 107105?
5, 31, 691
List the prime factors of 13170.
2, 3, 5, 439
What are the prime factors of 104998?
2, 47, 1117
What are the prime factors of 3859?
17, 227
What are the prime factors of 2108?
2, 17, 31
What are the prime factors of 4219?
4219
What are the prime factors of 4247?
31, 137
What are the prime factors of 15363?
3, 569
List the prime factors of 2226.
2, 3, 7, 53
What are the prime factors of 2614?
2, 1307
List the prime factors of 49678.
2, 59, 421
List the prime factors of 9369.
3, 347
List the prime factors of 87948.
2, 3, 7, 349
List the prime factors of 44561.
11, 4051
List the prime factors of 29535.
3, 5, 11, 179
What are the prime factors of 3139?
43, 73
What are the prime factors of 9079?
7, 1297
List the prime factors of 31176.
2, 3, 433
List the prime factors of 56322.
2, 3, 7, 149
What are the prime factors of 10113?
3, 3371
What are the prime factors of 722?
2, 19
List the prime factors of 1022.
2, 7, 73
What are the prime factors of 8475?
3, 5, 113
What are the prime factors of 28228?
2, 7057
What are the prime factors of 1240?
2, 5, 31
What are the prime factors of 9899?
19, 521
List the prime factors of 25614.
2, 3, 1423
List the prime factors of 25686.
2, 3, 1427
What are the prime factors of 55211?
13, 31, 137
What are the prime factors of 2342?
2, 1171
List the prime factors of 29009.
29009
List the prime factors of 59184.
2, 3, 137
List the prime factors of 11181.
3, 3727
List the prime factors of 2204.
2, 19, 29
List the prime factors of 19911.
3, 6637
List the prime factors of 3116.
2, 19, 41
What are the prime factors of 1785?
3, 5, 7, 17
What are the prime factors of 10440?
2, 3, 5, 29
List the prime factors of 85620.
2, 3, 5, 1427
What are the prime factors of 1925?
5, 7, 11
List the prime factors of 1377.
3, 17
List the prime factors of 59106.
2, 3, 9851
List the prime factors of 33387.
3, 31, 359
List the prime factors of 335.
5, 67
List the prime factors of 9694.
2, 37, 131
What are the prime factors of 1217?
1217
What are the prime factors of 1409?
1409
What are the prime factors of 54662?
2, 151, 181
What are the prime factors of 2281?
2281
List the prime factors of 19458.
2, 3, 23, 47
What are the prime factors of 16346?
2, 11, 743
What are the prime factors of 5915?
5, 7, 13
List the prime factors of 76326.
2, 3, 12721
What are the prime factors of 2234?
2, 1117
What are the prime factors of 5223?
3, 1741
List the prime factors of 240.
2, 3, 5
What are the prime factors of 923?
13, 71
List the prime factors of 5342.
2, 2671
List the prime factors of 1107.
3, 41
What are the prime factors of 6477?
3, 17, 127
What are the prime factors of 22940?
2, 5, 31, 37
What are the prime factors of 2965?
5, 593
What are the prime factors of 14913?
3, 1657
List the prime factors of 3525.
3, 5, 47
What are the prime factors of 6849?
3, 761
List the prime factors of 44031.
3, 13, 1129
List the prime factors of 5035.
5, 19, 53
List the prime factors of 5147.
5147
List the prime factors of 3781.
19, 199
List the prime factors of 686.
2, 7
What are the prime factors of 2757?
3, 919
List the prime factors of 140.
2, 5, 7
What are the prime factors of 5588?
2, 11, 127
What are the prime factors of 8771?
7, 179
List the prime factors of 1554.
2, 3, 7, 37
What are the prime factors of 4442?
2, 2221
List the prime factors of 13471.
19, 709
What are the prime factors of 69307?
7, 9901
What are the prime factors of 1965?
3, 5, 131
What are the prime factors of 4410?
2, 3, 5, 7
What are the prime factors of 1489?
1489
List the prime factors of 3375.
3, 5
What are the prime factors of 8228?
2, 11, 17
List the prime factors of 494.
2, 13, 19
What are the prime factors of 129864?
2, 3, 7, 773
List the prime factors of 28139.
19, 1481
List the prime factors of 3590.
2, 5, 359
What are the prime factors of 530?
2, 5, 53
List the prime factors of 12639.
3, 11, 383
List the prime factors of 1486.
2, 743
List the prime factors of 10297.
7, 1471
List the prime factors of 2072.
2, 7, 37
List the prime factors of 6704.
2, 419
List the prime factors of 118351.
19, 6229
What are the prime factors of 207?
3, 23
List the prime factors of 7817.
7817
What are the prime factors of 1553?
1553
List the prime factors of 1314.
2, 3, 73
List the prime factors of 22741.
22741
What are the prime factors of 4190?
2, 5, 419
What are the prime factors of 9946?
2, 4973
List the prime factors of 982.
2, 491
List the prime factors of 7676.
2, 19, 101
List the prime factors of 6838.
2, 13, 263
List the prime factors of 1563.
3, 521
What are the prime factors of 2776?
2, 347
What are the prime factors of 44735?
5, 23, 389
List the prime factors of 41605.
5, 53, 157
List the prime factors of 3461.
3461
What are the prime factors of 45881?
11, 43, 97
List the prime factors of 355.
5, 71
List the prime factors of 2497.
11, 227
What are the prime factors of 1474?
2, 11, 67
What are the prime factors of 30021?
3, 10007
What are the prime factors of 962?
2, 13, 37
What are the prime factors of 39058?
2, 59, 331
What are the prime factors of 9150?
2, 3, 5, 61
List the prime factors of 43948.
2, 10987
List the prime factors of 5914.
2, 2957
List the prime factors of 3173.
19, 167
What are the prime factors of 28277?
28277
What are the prime factors of 59243?
59243
List the prime factors of 345.
3, 5, 23
What are the prime factors of 6301?
6301
List the prime factors of 20699.
7, 2957
List the prime factors of 43570.
2, 5, 4357
What are the prime factors of 11180?
2, 5, 13, 43
What are the prime factors of 21750?
2, 3, 5, 29
What are the prime factors of 661?
661
What are the prime factors of 2390?
2, 5, 239
List the prime factors of 606.
2, 3, 101
What are the prime factors of 209179?
209179
List the prime factors of 12286.
2, 6143
What are the prime factors of 2296?
2, 7, 41
List the prime factors of 1144.
2, 11, 13
List the prime factors of 3055.
5, 13, 47
List the prime factors of 5281.
5281
What are the prime factors of 1738?
2, 11, 79
List the prime factors of 48634.
2, 24317
What are the prime factors of 13273?
13, 1021
What are the prime factors of 43139?
179, 241
List the prime factors of 3715.
5, 743
List the prime factors of 919.
919
List the prime factors of 1674.
2, 3, 31
What are the prime factors of 5209?
5209
List the prime factors of 4739.
7, 677
List the prime factors of 636.
2, 3, 53
What are the prime factors of 15944?
2, 1993
What are the prime factors of 1185?
3, 5, 79
What are the prime factors of 8679?
3, 11, 263